{"id":98,"date":"2026-03-03T20:15:56","date_gmt":"2026-03-03T20:15:56","guid":{"rendered":"https:\/\/semur.edu.uy\/curem\/?page_id=98"},"modified":"2026-04-10T00:07:39","modified_gmt":"2026-04-10T00:07:39","slug":"comite-academico","status":"publish","type":"page","link":"https:\/\/semur.edu.uy\/curem\/curem\/comite-academico\/","title":{"rendered":"Comit\u00e9 Acad\u00e9mico"},"content":{"rendered":"\n<section class=\"curem-page-title\">\n  <h1 class=\"curem-page-title__h\">Comit\u00e9 Acad\u00e9mico<\/h1>\n  <div class=\"curem-page-title__divider\"><\/div>\n<\/section>\n\n<style>\n  .curem-page-title{\n    --blue:#153057;\n    --green:#1C9E76;\n\n    font-family:\"Roboto\", system-ui, -apple-system, \"Segoe UI\", Arial, sans-serif;\n    max-width: 980px;\n    margin: 0 auto;\n    padding: 24px 16px 10px;\n    box-sizing: border-box;\n    background: transparent !important;\n  }\n\n  .curem-page-title__h{\n    margin: 0;\n    color: var(--blue);\n    font-size: clamp(1.9rem, 3vw, 2.6rem);\n    line-height: 1.12;\n    letter-spacing: .2px;\n  }\n\n  .curem-page-title__sub{\n    margin: 10px 0 0;\n    color: rgba(21,48,87,.82);\n    line-height: 1.55;\n    max-width: 75ch;\n  }\n\n  .curem-page-title__divider{\n    margin-top: 16px;\n    height: 4px;\n    width: 72px;\n    border-radius: 999px;\n    background: var(--green);\n  }\n<\/style>\n\n\n\n<section class=\"curem-comite\" id=\"comite-academico\">\n\n  <ul class=\"curem-comite__list\">\n<li class=\"curem-comite__item\">Agust\u00edn Carrillo de Albornoz <\/li>\n    <li class=\"curem-comite__item\">Alejo Colombo<\/li>\n    <li class=\"curem-comite__item\">Alexandra Fregueiro<\/li>\n    <li class=\"curem-comite__item\">Carla Damisa<\/li>\n    <li class=\"curem-comite__item\">Cecilia Calvo     <\/li>\n    <li class=\"curem-comite__item\">Cecilia Russo       <\/li>\n    <li class=\"curem-comite__item\">Celina Abar     <\/li>\n    <li class=\"curem-comite__item\">C\u00e9sar Roqueta   <\/li>\n    <li class=\"curem-comite__item\">Cristina Ochoviet    <\/li>\n    <li class=\"curem-comite__item\">Daniela Pag\u00e9s   <\/li>\n    <li class=\"curem-comite__item\">Eduardo Lacu\u00e9s <\/li>\n    <li class=\"curem-comite__item\">Elena Freire<\/li>\n    <li class=\"curem-comite__item\">Federico Burgell     <\/li>\n    <li class=\"curem-comite__item\">Francisco Pieri   <\/li>\n    <li class=\"curem-comite__item\">Gabriela Othegui <\/li>\n    <li class=\"curem-comite__item\">Gonzalo Galv\u00e1n  <\/li>\n    <li class=\"curem-comite__item\">Greisy Winicki     <\/li>\n    <li class=\"curem-comite__item\">Ivana Marsicano Fern\u00e1ndez  <\/li>\n    <li class=\"curem-comite__item\">Jimena Fern\u00e1ndez    <\/li>\n    <li class=\"curem-comite__item\">Jimena Lemes  <\/li>\n    <li class=\"curem-comite__item\">Julieta Tejer\u00eda  <\/li>\n    <li class=\"curem-comite__item\">Karina Pintos <\/li>\n    <li class=\"curem-comite__item\">Leticia Medina  <\/li>\n    <li class=\"curem-comite__item\">Luciana Olesker     <\/li>\n    <li class=\"curem-comite__item\">Marcelo Astorucci     <\/li>\n    <li class=\"curem-comite__item\">Mar\u00eda Isabel Elvas     <\/li>\n    <li class=\"curem-comite__item\">Mariela Rey    <\/li>\n    <li class=\"curem-comite__item\">Mario Dalc\u00edn       <\/li>\n    <li class=\"curem-comite__item\">Math\u00edas L\u00f3pez <\/li>\n    <li class=\"curem-comite__item\">Math\u00edas Tejera      <\/li>\n    <li class=\"curem-comite__item\">Maximiliano Izzi <\/li>\n    <li class=\"curem-comite__item\">M\u00f3nica Olave      <\/li>\n    <li class=\"curem-comite__item\">Sebasti\u00e1n Parodi      <\/li>\n    <li class=\"curem-comite__item\">Sof\u00eda Acosta         <\/li>\n    <li class=\"curem-comite__item\">Ver\u00f3nica Easton    <\/li>\n    <li class=\"curem-comite__item\">Ver\u00f3nica Molfino   <\/li>\n    <li class=\"curem-comite__item\">Ver\u00f3nica Scorza        <\/li>\n    <li class=\"curem-comite__item\">Viviana Aharonian   <\/li>\n<li class=\"curem-comite__item\">Yacir Testa      <\/li>\n  <\/ul>\n<\/section>\n\n<style>\n  .curem-comite{\n    --blue:#153057;\n    --green:#1C9E76;\n    --border: rgba(21,48,87,.18);\n\n    font-family:\"Roboto\", system-ui, -apple-system, \"Segoe UI\", Arial, sans-serif;\n    max-width: 980px;\n    margin: 0px;\n    padding: 0px 16px 34px;\n    box-sizing: border-box;\n    background: transparent !important;\n  }\n\n  .curem-comite__title{\n    margin: 0;\n    color: var(--blue);\n    font-size: clamp(1.7rem, 3vw, 2.2rem);\n    line-height: 1.15;\n    letter-spacing: .2px;\n  }\n\n  .curem-comite__divider{\n    margin-top: 0px;\n    height: 0px;\n    width: 72px;\n    border-radius: 999px;\n    background: var(--green);\n  }\n\n  .curem-comite__subtitle{\n    margin: 22px 0 10px;\n    color: var(--blue);\n    font-size: 1.2rem;\n    font-weight: 800;\n    line-height: 1.2;\n  }\n\n  .curem-comite__list{\n    list-style: none;\n    padding: 0;\n    margin: 0;\n    display: grid;\n    grid-template-columns: repeat(2, minmax(0, 1fr));\n    gap: 10px 16px;\n  }\n\n  .curem-comite__item{\n    border: 2px solid var(--blue);\n    border-radius: 12px;\n    padding: 12px 14px;\n    background: #fff;\n    color: var(--blue);\n    font-weight: 700;\n    line-height: 1.25;\n  }\n\n  @media (max-width: 640px){\n    .curem-comite__list{\n      grid-template-columns: 1fr;\n    }\n  }\n<\/style>\n","protected":false},"excerpt":{"rendered":"<p>Comit\u00e9 Acad\u00e9mico Agust\u00edn Carrillo de Albornoz Alejo Colombo Alexandra Fregueiro Carla Damisa Cecilia Calvo Cecilia Russo Celina Abar C\u00e9sar Roqueta Cristina Ochoviet Daniela Pag\u00e9s Eduardo Lacu\u00e9s Elena Freire Federico Burgell Francisco Pieri Gabriela Othegui Gonzalo Galv\u00e1n Greisy Winicki Ivana Marsicano Fern\u00e1ndez Jimena Fern\u00e1ndez Jimena Lemes Julieta Tejer\u00eda Karina Pintos Leticia Medina Luciana Olesker Marcelo Astorucci [&hellip;]<\/p>\n","protected":false},"author":1,"featured_media":173,"parent":2,"menu_order":0,"comment_status":"closed","ping_status":"closed","template":"","meta":{"pagelayer_contact_templates":[],"_pagelayer_content":"","footnotes":""},"class_list":["post-98","page","type-page","status-publish","has-post-thumbnail","hentry"],"_links":{"self":[{"href":"https:\/\/semur.edu.uy\/curem\/wp-json\/wp\/v2\/pages\/98","targetHints":{"allow":["GET"]}}],"collection":[{"href":"https:\/\/semur.edu.uy\/curem\/wp-json\/wp\/v2\/pages"}],"about":[{"href":"https:\/\/semur.edu.uy\/curem\/wp-json\/wp\/v2\/types\/page"}],"author":[{"embeddable":true,"href":"https:\/\/semur.edu.uy\/curem\/wp-json\/wp\/v2\/users\/1"}],"replies":[{"embeddable":true,"href":"https:\/\/semur.edu.uy\/curem\/wp-json\/wp\/v2\/comments?post=98"}],"version-history":[{"count":6,"href":"https:\/\/semur.edu.uy\/curem\/wp-json\/wp\/v2\/pages\/98\/revisions"}],"predecessor-version":[{"id":133,"href":"https:\/\/semur.edu.uy\/curem\/wp-json\/wp\/v2\/pages\/98\/revisions\/133"}],"up":[{"embeddable":true,"href":"https:\/\/semur.edu.uy\/curem\/wp-json\/wp\/v2\/pages\/2"}],"wp:featuredmedia":[{"embeddable":true,"href":"https:\/\/semur.edu.uy\/curem\/wp-json\/wp\/v2\/media\/173"}],"wp:attachment":[{"href":"https:\/\/semur.edu.uy\/curem\/wp-json\/wp\/v2\/media?parent=98"}],"curies":[{"name":"wp","href":"https:\/\/api.w.org\/{rel}","templated":true}]}}